s of 4832651.
4832651
What are the prime factors of 8681981?
7, 11, 47, 2399
List the prime factors of 94826.
2, 17, 2789
What are the prime factors of 365311?
401, 911
What are the prime factors of 399058?
2, 11, 17, 97
List the prime factors of 17615086.
2, 157, 56099
What are the prime factors of 816133?
816133
List the prime factors of 121188.
2, 3, 10099
List the prime factors of 8965630.
2, 5, 17, 23, 2293
What are the prime factors of 5469412?
2, 13, 107, 983
List the prime factors of 2219050.
2, 5, 44381
What are the prime factors of 27287900?
2, 5, 272879
What are the prime factors of 6182533?
7, 61, 14479
List the prime factors of 875304.
2, 3, 12157
List the prime factors of 17365818.
2, 3, 2894303
What are the prime factors of 6543711?
3, 727079
What are the prime factors of 10239636?
2, 3, 11, 77573
What are the prime factors of 1773990?
2, 3, 5, 23, 857
List the prime factors of 70777.
7, 10111
List the prime factors of 1225698.
2, 3, 67, 3049
List the prime factors of 151729.
151729
What are the prime factors of 5928838?
2, 179, 16561
List the prime factors of 1600173.
3, 177797
List the prime factors of 1806594.
2, 3, 277, 1087
What are the prime factors of 293232?
2, 3, 41, 149
List the prime factors of 707159.
707159
What are the prime factors of 7384572?
2, 3, 13, 31, 509
List the prime factors of 1844863.
1844863
List the prime factors of 23484.
2, 3, 19, 103
What are the prime factors of 363915?
3, 5, 8087
What are the prime factors of 278797?
83, 3359
List the prime factors of 1518088.
2, 11, 13, 1327
List the prime factors of 9962519.
7, 23, 61879
What are the prime factors of 1361825?
5, 19, 47, 61
List the prime factors of 21702430.
2, 5, 2170243
What are the prime factors of 3105463?
41, 75743
What are the prime factors of 1962929?
1962929
List the prime factors of 36675.
3, 5, 163
List the prime factors of 4253275.
5, 13, 23, 569
What are the prime factors of 5159410?
2, 5, 515941
What are the prime factors of 375294?
2, 3, 62549
What are the prime factors of 316514?
2, 11, 14387
What are the prime factors of 1314995?
5, 11, 23909
List the prime factors of 376843.
191, 1973
List the prime factors of 4991471.
19, 262709
List the prime factors of 600622.
2, 11, 23, 1187
List the prime factors of 1969843.
37, 53239
What are the prime factors of 13801463?
13, 1061651
List the prime factors of 9295919.
9295919
List the prime factors of 33297639.
3, 617, 17989
What are the prime factors of 719530?
2, 5, 7, 19, 541
List the prime factors of 3264023.
7, 239, 1951
List the prime factors of 5709421.
5709421
List the prime factors of 201985.
5, 7, 29, 199
List the prime factors of 6824148.
2, 3, 568679
What are the prime factors of 1419526?
2, 317, 2239
What are the prime factors of 269451?
3, 7, 13, 47
List the prime factors of 1302755.
5, 260551
List the prime factors of 245745.
3, 5, 43, 127
List the prime factors of 1815950.
2, 5, 36319
What are the prime factors of 10919939?
10919939
List the prime factors of 9173117.
31, 499, 593
What are the prime factors of 965105?
5, 19, 10159
List the prime factors of 482000.
2, 5, 241
What are the prime factors of 224320?
2, 5, 701
List the prime factors of 9057771.
3, 335473
List the prime factors of 734834.
2, 461, 797
What are the prime factors of 1316874?
2, 3, 13, 16883
List the prime factors of 1617202.
2, 808601
List the prime factors of 12377146.
2, 71, 101, 863
List the prime factors of 201193.
201193
What are the prime factors of 325635?
3, 5, 17, 1277
What are the prime factors of 35250?
2, 3, 5, 47
List the prime factors of 409729.
409729
What are the prime factors of 1168618?
2, 11, 439
What are the prime factors of 50411?
50411
List the prime factors of 108098.
2, 54049
What are the prime factors of 527120?
2, 5, 11, 599
What are the prime factors of 194318?
2, 97159
List the prime factors of 4227720.
2, 3, 5, 7, 719
List the prime factors of 4108519.
181, 22699
What are the prime factors of 1069016?
2, 13, 19, 541
List the prime factors of 2191655.
5, 41, 10691
List the prime factors of 752997.
3, 7, 23, 1559
What are the prime factors of 11342032?
2, 13, 31, 1759
What are the prime factors of 144463?
11, 23, 571
What are the prime factors of 32342237?
19, 151, 11273
List the prime factors of 35637.
3, 7, 1697
What are the prime factors of 828931?
359, 2309
What are the prime factors of 404997?
3, 134999
What are the prime factors of 26974262?
2, 7, 19, 23, 4409
List the prime factors of 901692.
2, 3, 11, 23
What are the prime factors of 65120?
2, 5, 11, 37
List the prime factors of 665335.
5, 11, 12097
What are the prime factors of 554924?
2, 138731
What are the prime factors of 26390?
2, 5, 7, 13, 29
List the prime factors of 29668.
2, 7417
What are the prime factors of 1547002?
2, 773501
List the prime factors of 14673253.
7, 109, 19231
What are the prime factors of 313675?
5, 12547
List the prime factors of 569224.
2, 71153
What are the prime factors of 986478?
2, 3, 164413
List the prime factors of 2651416.
2, 157, 2111
What are the prime factors of 294967?
17, 17351
List the prime factors of 1112229.
3, 123581
What are the prime factors of 14459861?
13, 103, 10799
What are the prime factors of 14636760?
2, 3, 5, 283, 431
What are the prime factors of 655676?
2, 7, 23417
List the prime factors of 1128877.
101, 11177
List the prime factors of 534435.
3, 5, 11, 41, 79
What are the prime factors of 16409232?
2, 3, 7, 73, 223
List the prime factors of 98287.
7, 19, 739
What are the prime factors of 20801798?
2, 23, 452213
What are the prime factors of 1809105?
3, 5, 120607
What are the prime factors of 761678?
2, 380839
What are the prime factors of 21966855?
3, 5, 613, 2389
List the prime factors of 191644.
2, 47911
What are the prime factors of 3028576?
2, 31, 43, 71
What are the prime factors of 552793?
552793
List the prime factors of 1548774.
2, 3, 23, 29, 43
List the prime factors of 171430.
2, 5, 7, 31, 79
What are the prime factors of 80341?
80341
What are the prime factors of 49914?
2, 3, 47, 59
What are the prime factors of 279662?
2, 139831
What are the prime factors of 1255813?
13, 96601
What are the prime factors of 501?
3, 167
List the prime factors of 3517926.
2, 3, 19, 30859
What are the prime factors of 222777?
3, 37, 223
What are the prime factors of 26682998?
2, 13341499
What are the prime factors of 466551?
3, 51839
List the prime factors of 763350.
2, 3, 5, 7, 727
List the prime factors of 180187.
7, 25741
List the prime factors of 244884.
2, 3, 20407
What are the prime factors of 1462869?
3, 23, 37, 191
List the prime factors of 159153.
3, 53051
List the prime factors of 5619342.
2, 3, 936557
List the prime factors of 297273.
3, 197, 503
List the prime factors of 712600.
2, 5, 7, 509
What are the prime factors of 4779466?
2, 2389733
What are the prime factors of 3120072?
2, 3, 130003
What are the prime factors of 228024?
2, 3, 3167
What are the prime factors of 390982?
2, 19, 10289
What are the prime factors of 2389151?
47, 50833
List the prime factors of 564011.
7, 197, 409
What are the prime factors of 1964134?
2, 982067
List the prime factors of 14901.
3, 4967
What are the prime factors of 1224958?
2, 7, 59, 1483
What are the prime factors of 10322922?
2, 3, 1051, 1637
What are the prime factors of 2069411?
29, 71359
What are the prime factors of 1526508?
2, 3, 42403
List the prime factors of 122971.
122971
List the prime factors of 26861202.
2, 3, 1492289
What are the prime factors of 3621595?
5, 17, 137, 311
List the prime factors of 669971.
669971
What are the prime factors of 121577?
121577
What are the prime factors of 8298399?
3, 541, 5113
List the prime factors of 561637.
23, 24419
List the prime factors of 15091695.
3, 5, 151, 2221
What are the prime factors of 237856?
2, 7433
What are the prime factors of 23041040?
2, 5, 11, 26183
List the prime factors of 2687687.
1093, 2459
List the prime factors of 57056.
2, 1783
List the prime factors of 23967669.
3, 11, 367, 1979
List the prime factors of 19540344.
2, 3, 17, 47, 1019
List the prime factors of 4186376.
2, 523297
What are the prime factors of 269153?
79, 3407
What are the prime factors of 4208141?
7, 311, 1933
List the prime factors of 301996.
2, 103, 733
What are the prime fa